{"id":1738,"date":"2013-02-14T10:21:24","date_gmt":"2013-02-14T10:21:24","guid":{"rendered":"http:\/\/localhost\/wordpress\/medicenter\/?page_id=6"},"modified":"2013-02-14T10:21:24","modified_gmt":"2013-02-14T10:21:24","slug":"blog","status":"publish","type":"page","link":"https:\/\/reumatologia.org.pa\/?page_id=1738","title":{"rendered":"Blog with sidebar"},"content":{"rendered":"<div class=\"wpb-content-wrapper\"><p>[vc_row el_position=\u00bbfirst last\u00bb][vc_column width=\u00bb2\/3&#8243;]<ul class=\"blog clearfix page-margin-top\"><li class=\" post post-5898 type-post status-publish format-standard has-post-thumbnail sticky hentry category-actualidad category-eventos category-noticias category-sin-categoria\"><ul class=\"comment-box clearfix\"><li class=\"date clearfix animated-element animation-slideRight\">\n\t\t\t\t\t\t\t\t<div class=\"value\">10 MAYO, 2024<\/div>\n\t\t\t\t\t\t\t\t<div class=\"arrow-date\"><\/div>\n\t\t\t\t\t\t\t<\/li><li class=\"comments-number animated-element animation-slideUp duration-300 delay-500\">\t\t\t<a href=\"https:\/\/reumatologia.org.pa\/?p=5898#respond\" title=\"0 COMMENTS\">0 COMMENTS<\/a>\n\t\t\t\t\t\t\t<\/li><\/ul><div class=\"post-content\"><a class=\"post-image\" href=\"https:\/\/reumatologia.org.pa\/?p=5898\" title=\"Actualizaci\u00f3n de la Agenda Cient\u00edfica VIII Congreso Nacional de Reumatolog\u00eda 2024\"><span class=\"mc-preloader\"><\/span><img loading=\"lazy\" decoding=\"async\" width=\"439\" height=\"446\" src=\"https:\/\/reumatologia.org.pa\/wp-content\/uploads\/2024\/04\/agenda-439x446.png\" class=\"attachment-blog-post-thumb size-blog-post-thumb wp-post-image\" alt=\"Actualizaci\u00f3n de la Agenda Cient\u00edfica VIII Congreso Nacional de Reumatolog\u00eda 2024\" title=\"\" \/><\/a><h2 class=\"post-title\"><a href=\"https:\/\/reumatologia.org.pa\/?p=5898\" title=\"Actualizaci\u00f3n de la Agenda Cient\u00edfica VIII Congreso Nacional de Reumatolog\u00eda 2024\">Actualizaci\u00f3n de la Agenda Cient\u00edfica VIII Congreso Nacional de Reumatolog\u00eda 2024<\/a><\/h2><p>[vc_row][vc_column][vc_column_text]Actualizaci\u00f3n de la agenda cient\u00edfica del VIII Congreso Nacional de Reumatolog\u00eda 2024. Desc\u00e1rguela aqu\u00ed. [\/vc_column_text][\/vc_column][\/vc_row]<\/p>\n<a title=\"Read more\" href=\"https:\/\/reumatologia.org.pa\/?p=5898\" class=\"more template-arrow-horizontal-1-after\">Read more<\/a>\t\t<div class=\"post-footer clearfix\">\n\t\t\t\t\t\t\t\t<ul class=\"post-footer-details\"><li class=\"post-footer-author\">\n\t\t\t\t\t\t\t\t\t\t<a class=\"author\" href=\"http:\/\/mp.net.pa\" title=\"Webmaster\">Webmaster<\/a>\n\t\t\t\t\t\t\t\t\t<\/li><li class=\"post-footer-category\">\n\t\t\t\t\t\t\t\t\t\t\t<a href=\"https:\/\/reumatologia.org.pa\/?cat=5\" title=\"View all posts filed under Actualidad\">Actualidad<\/a>, \n\t\t\t\t\t\t\t\t\t\t<\/li><li class=\"post-footer-category\">\n\t\t\t\t\t\t\t\t\t\t\t<a href=\"https:\/\/reumatologia.org.pa\/?cat=44\" title=\"View all posts filed under Eventos\">Eventos<\/a>, \n\t\t\t\t\t\t\t\t\t\t<\/li><li class=\"post-footer-category\">\n\t\t\t\t\t\t\t\t\t\t\t<a href=\"https:\/\/reumatologia.org.pa\/?cat=43\" title=\"View all posts filed under Noticias\">Noticias<\/a>, \n\t\t\t\t\t\t\t\t\t\t<\/li><li class=\"post-footer-category\">\n\t\t\t\t\t\t\t\t\t\t\t<a href=\"https:\/\/reumatologia.org.pa\/?cat=1\" title=\"View all posts filed under Sin categor\u00eda\">Sin categor\u00eda<\/a>\n\t\t\t\t\t\t\t\t\t\t<\/li><\/ul><\/div><\/div><\/li><li class=\" post post-6289 type-post status-publish format-standard has-post-thumbnail hentry category-actividades category-actualidad category-eventos category-noticias category-sin-categoria\"><ul class=\"comment-box clearfix\"><li class=\"date clearfix animated-element animation-slideRight\">\n\t\t\t\t\t\t\t\t<div class=\"value\">25 NOVIEMBRE, 2025<\/div>\n\t\t\t\t\t\t\t\t<div class=\"arrow-date\"><\/div>\n\t\t\t\t\t\t\t<\/li><li class=\"comments-number animated-element animation-slideUp duration-300 delay-500\">\t\t\t<a href=\"https:\/\/reumatologia.org.pa\/?p=6289#respond\" title=\"0 COMMENTS\">0 COMMENTS<\/a>\n\t\t\t\t\t\t\t<\/li><\/ul><div class=\"post-content\"><a class=\"post-image\" href=\"https:\/\/reumatologia.org.pa\/?p=6289\" title=\"Resumen del Evento Simposio 2025 en la Ciudad de Santiago\"><span class=\"mc-preloader\"><\/span><img loading=\"lazy\" decoding=\"async\" width=\"670\" height=\"446\" src=\"https:\/\/reumatologia.org.pa\/wp-content\/uploads\/2025\/11\/WhatsApp-Image-2025-11-19-at-2.13.32-PM-2-670x446.jpeg\" class=\"attachment-blog-post-thumb size-blog-post-thumb wp-post-image\" alt=\"Resumen del Evento Simposio 2025 en la Ciudad de Santiago\" title=\"\" srcset=\"https:\/\/reumatologia.org.pa\/wp-content\/uploads\/2025\/11\/WhatsApp-Image-2025-11-19-at-2.13.32-PM-2-670x446.jpeg 670w, https:\/\/reumatologia.org.pa\/wp-content\/uploads\/2025\/11\/WhatsApp-Image-2025-11-19-at-2.13.32-PM-2-600x400.jpeg 600w, https:\/\/reumatologia.org.pa\/wp-content\/uploads\/2025\/11\/WhatsApp-Image-2025-11-19-at-2.13.32-PM-2-480x320.jpeg 480w, https:\/\/reumatologia.org.pa\/wp-content\/uploads\/2025\/11\/WhatsApp-Image-2025-11-19-at-2.13.32-PM-2-390x260.jpeg 390w, https:\/\/reumatologia.org.pa\/wp-content\/uploads\/2025\/11\/WhatsApp-Image-2025-11-19-at-2.13.32-PM-2-285x190.jpeg 285w\" sizes=\"auto, (max-width: 670px) 100vw, 670px\" \/><\/a><h2 class=\"post-title\"><a href=\"https:\/\/reumatologia.org.pa\/?p=6289\" title=\"Resumen del Evento Simposio 2025 en la Ciudad de Santiago\">Resumen del Evento Simposio 2025 en la Ciudad de Santiago<\/a><\/h2><p>[vc_row][vc_column][vc_column_text css=\u00bb\u00bb] \ud83e\uddec Simposio de la Sociedad Paname\u00f1a de Reumatolog\u00eda 2025 El pasado 10 de octubre de 2025, la ciudad de Santiago, en la provincia de Veraguas, fue sede del Simposio de Reumatolog\u00eda \u201cEnfermedades Reum\u00e1ticas\u201d,&#8230;<\/p>\n<a title=\"Read more\" href=\"https:\/\/reumatologia.org.pa\/?p=6289\" class=\"more template-arrow-horizontal-1-after\">Read more<\/a>\t\t<div class=\"post-footer clearfix\">\n\t\t\t\t\t\t\t\t<ul class=\"post-footer-details\"><li class=\"post-footer-author\">\n\t\t\t\t\t\t\t\t\t\t<a class=\"author\" href=\"http:\/\/mp.net.pa\" title=\"Webmaster\">Webmaster<\/a>\n\t\t\t\t\t\t\t\t\t<\/li><li class=\"post-footer-category\">\n\t\t\t\t\t\t\t\t\t\t\t<a href=\"https:\/\/reumatologia.org.pa\/?cat=45\" title=\"View all posts filed under Actividades\">Actividades<\/a>, \n\t\t\t\t\t\t\t\t\t\t<\/li><li class=\"post-footer-category\">\n\t\t\t\t\t\t\t\t\t\t\t<a href=\"https:\/\/reumatologia.org.pa\/?cat=5\" title=\"View all posts filed under Actualidad\">Actualidad<\/a>, \n\t\t\t\t\t\t\t\t\t\t<\/li><li class=\"post-footer-category\">\n\t\t\t\t\t\t\t\t\t\t\t<a href=\"https:\/\/reumatologia.org.pa\/?cat=44\" title=\"View all posts filed under Eventos\">Eventos<\/a>, \n\t\t\t\t\t\t\t\t\t\t<\/li><li class=\"post-footer-category\">\n\t\t\t\t\t\t\t\t\t\t\t<a href=\"https:\/\/reumatologia.org.pa\/?cat=43\" title=\"View all posts filed under Noticias\">Noticias<\/a>, \n\t\t\t\t\t\t\t\t\t\t<\/li><li class=\"post-footer-category\">\n\t\t\t\t\t\t\t\t\t\t\t<a href=\"https:\/\/reumatologia.org.pa\/?cat=1\" title=\"View all posts filed under Sin categor\u00eda\">Sin categor\u00eda<\/a>\n\t\t\t\t\t\t\t\t\t\t<\/li><\/ul><\/div><\/div><\/li><li class=\" post post-6276 type-post status-publish format-standard has-post-thumbnail hentry category-actividades category-actualidad category-eventos category-noticias category-sin-categoria\"><ul class=\"comment-box clearfix\"><li class=\"date clearfix animated-element animation-slideRight\">\n\t\t\t\t\t\t\t\t<div class=\"value\">5 SEPTIEMBRE, 2025<\/div>\n\t\t\t\t\t\t\t\t<div class=\"arrow-date\"><\/div>\n\t\t\t\t\t\t\t<\/li><li class=\"comments-number animated-element animation-slideUp duration-300 delay-500\">\t\t\t<a href=\"https:\/\/reumatologia.org.pa\/?p=6276#respond\" title=\"0 COMMENTS\">0 COMMENTS<\/a>\n\t\t\t\t\t\t\t<\/li><\/ul><div class=\"post-content\"><a class=\"post-image\" href=\"https:\/\/reumatologia.org.pa\/?p=6276\" title=\"Simposio 2025 en la Ciudad de Santiago\"><span class=\"mc-preloader\"><\/span><img loading=\"lazy\" decoding=\"async\" width=\"670\" height=\"446\" src=\"https:\/\/reumatologia.org.pa\/wp-content\/uploads\/2025\/09\/WhatsApp-Image-2025-08-30-at-11.23.51-AM-670x446.jpeg\" class=\"attachment-blog-post-thumb size-blog-post-thumb wp-post-image\" alt=\"Simposio 2025 en la Ciudad de Santiago\" title=\"\" srcset=\"https:\/\/reumatologia.org.pa\/wp-content\/uploads\/2025\/09\/WhatsApp-Image-2025-08-30-at-11.23.51-AM-670x446.jpeg 670w, https:\/\/reumatologia.org.pa\/wp-content\/uploads\/2025\/09\/WhatsApp-Image-2025-08-30-at-11.23.51-AM-600x400.jpeg 600w, https:\/\/reumatologia.org.pa\/wp-content\/uploads\/2025\/09\/WhatsApp-Image-2025-08-30-at-11.23.51-AM-480x320.jpeg 480w, https:\/\/reumatologia.org.pa\/wp-content\/uploads\/2025\/09\/WhatsApp-Image-2025-08-30-at-11.23.51-AM-390x260.jpeg 390w, https:\/\/reumatologia.org.pa\/wp-content\/uploads\/2025\/09\/WhatsApp-Image-2025-08-30-at-11.23.51-AM-285x190.jpeg 285w\" sizes=\"auto, (max-width: 670px) 100vw, 670px\" \/><\/a><h2 class=\"post-title\"><a href=\"https:\/\/reumatologia.org.pa\/?p=6276\" title=\"Simposio 2025 en la Ciudad de Santiago\">Simposio 2025 en la Ciudad de Santiago<\/a><\/h2><p>\ud83e\ude7a Simposio de la Sociedad Paname\u00f1a de Reumatolog\u00eda ENFERMEDADES REUM\u00c1TICAS Ubicaci\u00f3n:\u00a0 Sal\u00f3n Los Corales del Hotel Mykonos, Ciudad de Santiago de Veraguas.Fecha: 10 de octubre de 2025.Horario: 7:45 am a 4:15 pm. La Sociedad Paname\u00f1a de Reumatolog\u00eda&#8230;<\/p>\n<a title=\"Read more\" href=\"https:\/\/reumatologia.org.pa\/?p=6276\" class=\"more template-arrow-horizontal-1-after\">Read more<\/a>\t\t<div class=\"post-footer clearfix\">\n\t\t\t\t\t\t\t\t<ul class=\"post-footer-details\"><li class=\"post-footer-author\">\n\t\t\t\t\t\t\t\t\t\t<a class=\"author\" href=\"http:\/\/mp.net.pa\" title=\"Webmaster\">Webmaster<\/a>\n\t\t\t\t\t\t\t\t\t<\/li><li class=\"post-footer-category\">\n\t\t\t\t\t\t\t\t\t\t\t<a href=\"https:\/\/reumatologia.org.pa\/?cat=45\" title=\"View all posts filed under Actividades\">Actividades<\/a>, \n\t\t\t\t\t\t\t\t\t\t<\/li><li class=\"post-footer-category\">\n\t\t\t\t\t\t\t\t\t\t\t<a href=\"https:\/\/reumatologia.org.pa\/?cat=5\" title=\"View all posts filed under Actualidad\">Actualidad<\/a>, \n\t\t\t\t\t\t\t\t\t\t<\/li><li class=\"post-footer-category\">\n\t\t\t\t\t\t\t\t\t\t\t<a href=\"https:\/\/reumatologia.org.pa\/?cat=44\" title=\"View all posts filed under Eventos\">Eventos<\/a>, \n\t\t\t\t\t\t\t\t\t\t<\/li><li class=\"post-footer-category\">\n\t\t\t\t\t\t\t\t\t\t\t<a href=\"https:\/\/reumatologia.org.pa\/?cat=43\" title=\"View all posts filed under Noticias\">Noticias<\/a>, \n\t\t\t\t\t\t\t\t\t\t<\/li><li class=\"post-footer-category\">\n\t\t\t\t\t\t\t\t\t\t\t<a href=\"https:\/\/reumatologia.org.pa\/?cat=1\" title=\"View all posts filed under Sin categor\u00eda\">Sin categor\u00eda<\/a>\n\t\t\t\t\t\t\t\t\t\t<\/li><\/ul><\/div><\/div><\/li><li class=\" post post-6272 type-post status-publish format-standard has-post-thumbnail hentry category-actividades category-actualidad category-eventos category-noticias category-sin-categoria\"><ul class=\"comment-box clearfix\"><li class=\"date clearfix animated-element animation-slideRight\">\n\t\t\t\t\t\t\t\t<div class=\"value\">4 ABRIL, 2025<\/div>\n\t\t\t\t\t\t\t\t<div class=\"arrow-date\"><\/div>\n\t\t\t\t\t\t\t<\/li><li class=\"comments-number animated-element animation-slideUp duration-300 delay-500\">\t\t\t<a href=\"https:\/\/reumatologia.org.pa\/?p=6272#respond\" title=\"0 COMMENTS\">0 COMMENTS<\/a>\n\t\t\t\t\t\t\t<\/li><\/ul><div class=\"post-content\"><a class=\"post-image\" href=\"https:\/\/reumatologia.org.pa\/?p=6272\" title=\"Simposio 2025 en la Ciudad de David\"><span class=\"mc-preloader\"><\/span><img loading=\"lazy\" decoding=\"async\" width=\"460\" height=\"446\" src=\"https:\/\/reumatologia.org.pa\/wp-content\/uploads\/2025\/04\/flyer-simposio-16-de-mayo-460x446.jpg\" class=\"attachment-blog-post-thumb size-blog-post-thumb wp-post-image\" alt=\"Simposio 2025 en la Ciudad de David\" title=\"\" \/><\/a><h2 class=\"post-title\"><a href=\"https:\/\/reumatologia.org.pa\/?p=6272\" title=\"Simposio 2025 en la Ciudad de David\">Simposio 2025 en la Ciudad de David<\/a><\/h2><p>\u00a1La Sociedad Paname\u00f1a de Reumatolog\u00eda te invita al simposio en la Ciudad de David, en la hermosa provincia de Chiriqu\u00ed, \u00a0este 16 de mayo de 2025! Acomp\u00e1\u00f1anos en una jornada de actualizaci\u00f3n m\u00e9dica con exposiciones de temas de actualidad en el campo&#8230;<\/p>\n<a title=\"Read more\" href=\"https:\/\/reumatologia.org.pa\/?p=6272\" class=\"more template-arrow-horizontal-1-after\">Read more<\/a>\t\t<div class=\"post-footer clearfix\">\n\t\t\t\t\t\t\t\t<ul class=\"post-footer-details\"><li class=\"post-footer-author\">\n\t\t\t\t\t\t\t\t\t\t<a class=\"author\" href=\"http:\/\/mp.net.pa\" title=\"Webmaster\">Webmaster<\/a>\n\t\t\t\t\t\t\t\t\t<\/li><li class=\"post-footer-category\">\n\t\t\t\t\t\t\t\t\t\t\t<a href=\"https:\/\/reumatologia.org.pa\/?cat=45\" title=\"View all posts filed under Actividades\">Actividades<\/a>, \n\t\t\t\t\t\t\t\t\t\t<\/li><li class=\"post-footer-category\">\n\t\t\t\t\t\t\t\t\t\t\t<a href=\"https:\/\/reumatologia.org.pa\/?cat=5\" title=\"View all posts filed under Actualidad\">Actualidad<\/a>, \n\t\t\t\t\t\t\t\t\t\t<\/li><li class=\"post-footer-category\">\n\t\t\t\t\t\t\t\t\t\t\t<a href=\"https:\/\/reumatologia.org.pa\/?cat=44\" title=\"View all posts filed under Eventos\">Eventos<\/a>, \n\t\t\t\t\t\t\t\t\t\t<\/li><li class=\"post-footer-category\">\n\t\t\t\t\t\t\t\t\t\t\t<a href=\"https:\/\/reumatologia.org.pa\/?cat=43\" title=\"View all posts filed under Noticias\">Noticias<\/a>, \n\t\t\t\t\t\t\t\t\t\t<\/li><li class=\"post-footer-category\">\n\t\t\t\t\t\t\t\t\t\t\t<a href=\"https:\/\/reumatologia.org.pa\/?cat=1\" title=\"View all posts filed under Sin categor\u00eda\">Sin categor\u00eda<\/a>\n\t\t\t\t\t\t\t\t\t\t<\/li><\/ul><\/div><\/div><\/li><li class=\" post post-6014 type-post status-publish format-standard hentry category-actualidad category-eventos category-noticias category-sin-categoria\"><ul class=\"comment-box clearfix\"><li class=\"date clearfix animated-element animation-slideRight\">\n\t\t\t\t\t\t\t\t<div class=\"value\">10 MAYO, 2024<\/div>\n\t\t\t\t\t\t\t\t<div class=\"arrow-date\"><\/div>\n\t\t\t\t\t\t\t<\/li><li class=\"comments-number animated-element animation-slideUp duration-300 delay-500\">\t\t\t<a href=\"https:\/\/reumatologia.org.pa\/?p=6014#respond\" title=\"0 COMMENTS\">0 COMMENTS<\/a>\n\t\t\t\t\t\t\t<\/li><\/ul><div class=\"post-content\"><h2 class=\"post-title\"><a href=\"https:\/\/reumatologia.org.pa\/?p=6014\" title=\"Cierre de las Inscripciones al Congreso 2024\">Cierre de las Inscripciones al Congreso 2024<\/a><\/h2><p>La Sociedad Paname\u00f1a de Reumatolog\u00eda, expresa con gran entusiasmo un sincero agradecimiento a todos los que han mostrado inter\u00e9s en participar y\/o colaborar en el VIII Congreso Nacional de Reumatolog\u00eda 2024, del 16 al 18 de mayo, en el Hotel Sortis de la&#8230;<\/p>\n<a title=\"Read more\" href=\"https:\/\/reumatologia.org.pa\/?p=6014\" class=\"more template-arrow-horizontal-1-after\">Read more<\/a>\t\t<div class=\"post-footer clearfix\">\n\t\t\t\t\t\t\t\t<ul class=\"post-footer-details\"><li class=\"post-footer-author\">\n\t\t\t\t\t\t\t\t\t\t<a class=\"author\" href=\"http:\/\/mp.net.pa\" title=\"Webmaster\">Webmaster<\/a>\n\t\t\t\t\t\t\t\t\t<\/li><li class=\"post-footer-category\">\n\t\t\t\t\t\t\t\t\t\t\t<a href=\"https:\/\/reumatologia.org.pa\/?cat=5\" title=\"View all posts filed under Actualidad\">Actualidad<\/a>, \n\t\t\t\t\t\t\t\t\t\t<\/li><li class=\"post-footer-category\">\n\t\t\t\t\t\t\t\t\t\t\t<a href=\"https:\/\/reumatologia.org.pa\/?cat=44\" title=\"View all posts filed under Eventos\">Eventos<\/a>, \n\t\t\t\t\t\t\t\t\t\t<\/li><li class=\"post-footer-category\">\n\t\t\t\t\t\t\t\t\t\t\t<a href=\"https:\/\/reumatologia.org.pa\/?cat=43\" title=\"View all posts filed under Noticias\">Noticias<\/a>, \n\t\t\t\t\t\t\t\t\t\t<\/li><li class=\"post-footer-category\">\n\t\t\t\t\t\t\t\t\t\t\t<a href=\"https:\/\/reumatologia.org.pa\/?cat=1\" title=\"View all posts filed under Sin categor\u00eda\">Sin categor\u00eda<\/a>\n\t\t\t\t\t\t\t\t\t\t<\/li><\/ul><\/div><\/div><\/li><\/ul><ul class='pagination page-margin-top'><li class='selected'><span>1<\/span><\/li><li><a href='https:\/\/reumatologia.org.pa\/index.php?rest_route=%2Fwp%2Fv2%2Fpages%2F1738&#038;paged=2'>2<\/a><\/li><li><a href='https:\/\/reumatologia.org.pa\/index.php?rest_route=%2Fwp%2Fv2%2Fpages%2F1738&#038;paged=3'>3<\/a><\/li><li><a href='https:\/\/reumatologia.org.pa\/index.php?rest_route=%2Fwp%2Fv2%2Fpages%2F1738&#038;paged=2'>&rsaquo;<\/a><\/li><li><a href='https:\/\/reumatologia.org.pa\/index.php?rest_route=%2Fwp%2Fv2%2Fpages%2F1738&#038;paged=7'>&raquo;<\/a><\/li><\/ul>[\/vc_column][vc_column width=\u00bb1\/3&#8243;][vc_widget_sidebar top_margin=\u00bbpage-margin-top\u00bb sidebar_id=\u00bbsidebar-blog\u00bb el_position=\u00bbfirst\u00bb]<h3 class=\"box-header animation-slide page-margin-top\">Photostream<\/h3><ul class=\"photostream clearfix default\"><li class=\"gallery-box hover-icons-off\"><img loading=\"lazy\" decoding=\"async\" width=\"100\" height=\"100\" src=\"https:\/\/reumatologia.org.pa\/wp-content\/uploads\/2017\/01\/image_08-100x100.jpg\" class=\"attachment-medicenter-small-thumb size-medicenter-small-thumb\" alt=\"\" srcset=\"https:\/\/reumatologia.org.pa\/wp-content\/uploads\/2017\/01\/image_08-100x100.jpg 100w, https:\/\/reumatologia.org.pa\/wp-content\/uploads\/2017\/01\/image_08-150x150.jpg 150w\" sizes=\"auto, (max-width: 100px) 100vw, 100px\" \/><ul class=\"controls\">\n\t\t\t\t\t<li>\n\t\t\t\t\t\t<a href=\"http:\/\/reumatologia.org.pa\/wp-content\/uploads\/2017\/01\/image_08.jpg\" rel=photostream[photostream]\" class=\"fancybox open-lightbox template-plus-2\"><\/a>\n\t\t\t\t\t<\/li>\n\t\t\t\t<\/ul>\n\t\t\t<\/li><li class=\"gallery-box hover-icons-off\"><img loading=\"lazy\" decoding=\"async\" width=\"100\" height=\"100\" src=\"https:\/\/reumatologia.org.pa\/wp-content\/uploads\/2017\/01\/image_02-100x100.jpg\" class=\"attachment-medicenter-small-thumb size-medicenter-small-thumb\" alt=\"\" srcset=\"https:\/\/reumatologia.org.pa\/wp-content\/uploads\/2017\/01\/image_02-100x100.jpg 100w, https:\/\/reumatologia.org.pa\/wp-content\/uploads\/2017\/01\/image_02-150x150.jpg 150w\" sizes=\"auto, (max-width: 100px) 100vw, 100px\" \/><ul class=\"controls\">\n\t\t\t\t\t<li>\n\t\t\t\t\t\t<a href=\"http:\/\/reumatologia.org.pa\/wp-content\/uploads\/2017\/01\/image_02.jpg\" rel=photostream[photostream]\" class=\"fancybox open-lightbox template-plus-2\"><\/a>\n\t\t\t\t\t<\/li>\n\t\t\t\t<\/ul>\n\t\t\t<\/li><li class=\"gallery-box hover-icons-off\"><img loading=\"lazy\" decoding=\"async\" width=\"100\" height=\"100\" src=\"https:\/\/reumatologia.org.pa\/wp-content\/uploads\/2017\/01\/image_03-100x100.jpg\" class=\"attachment-medicenter-small-thumb size-medicenter-small-thumb\" alt=\"\" srcset=\"https:\/\/reumatologia.org.pa\/wp-content\/uploads\/2017\/01\/image_03-100x100.jpg 100w, https:\/\/reumatologia.org.pa\/wp-content\/uploads\/2017\/01\/image_03-150x150.jpg 150w\" sizes=\"auto, (max-width: 100px) 100vw, 100px\" \/><ul class=\"controls\">\n\t\t\t\t\t<li>\n\t\t\t\t\t\t<a href=\"http:\/\/reumatologia.org.pa\/wp-content\/uploads\/2017\/01\/image_03.jpg\" rel=photostream[photostream]\" class=\"fancybox open-lightbox template-plus-2\"><\/a>\n\t\t\t\t\t<\/li>\n\t\t\t\t<\/ul>\n\t\t\t<\/li><li class=\"gallery-box hover-icons-off\"><img loading=\"lazy\" decoding=\"async\" width=\"100\" height=\"100\" src=\"https:\/\/reumatologia.org.pa\/wp-content\/uploads\/2017\/01\/image_04-100x100.jpg\" class=\"attachment-medicenter-small-thumb size-medicenter-small-thumb\" alt=\"\" srcset=\"https:\/\/reumatologia.org.pa\/wp-content\/uploads\/2017\/01\/image_04-100x100.jpg 100w, https:\/\/reumatologia.org.pa\/wp-content\/uploads\/2017\/01\/image_04-150x150.jpg 150w\" sizes=\"auto, (max-width: 100px) 100vw, 100px\" \/><ul class=\"controls\">\n\t\t\t\t\t<li>\n\t\t\t\t\t\t<a href=\"http:\/\/reumatologia.org.pa\/wp-content\/uploads\/2017\/01\/image_04.jpg\" rel=photostream[photostream]\" class=\"fancybox open-lightbox template-plus-2\"><\/a>\n\t\t\t\t\t<\/li>\n\t\t\t\t<\/ul>\n\t\t\t<\/li><li class=\"gallery-box hover-icons-off\"><img loading=\"lazy\" decoding=\"async\" width=\"100\" height=\"100\" src=\"https:\/\/reumatologia.org.pa\/wp-content\/uploads\/2017\/01\/image_05-100x100.jpg\" class=\"attachment-medicenter-small-thumb size-medicenter-small-thumb\" alt=\"\" srcset=\"https:\/\/reumatologia.org.pa\/wp-content\/uploads\/2017\/01\/image_05-100x100.jpg 100w, https:\/\/reumatologia.org.pa\/wp-content\/uploads\/2017\/01\/image_05-150x150.jpg 150w\" sizes=\"auto, (max-width: 100px) 100vw, 100px\" \/><ul class=\"controls\">\n\t\t\t\t\t<li>\n\t\t\t\t\t\t<a href=\"http:\/\/reumatologia.org.pa\/wp-content\/uploads\/2017\/01\/image_05.jpg\" rel=photostream[photostream]\" class=\"fancybox open-lightbox template-plus-2\"><\/a>\n\t\t\t\t\t<\/li>\n\t\t\t\t<\/ul>\n\t\t\t<\/li><li class=\"gallery-box hover-icons-off\"><img loading=\"lazy\" decoding=\"async\" width=\"100\" height=\"100\" src=\"https:\/\/reumatologia.org.pa\/wp-content\/uploads\/2017\/01\/image_06-100x100.jpg\" class=\"attachment-medicenter-small-thumb size-medicenter-small-thumb\" alt=\"\" srcset=\"https:\/\/reumatologia.org.pa\/wp-content\/uploads\/2017\/01\/image_06-100x100.jpg 100w, https:\/\/reumatologia.org.pa\/wp-content\/uploads\/2017\/01\/image_06-150x150.jpg 150w\" sizes=\"auto, (max-width: 100px) 100vw, 100px\" \/><ul class=\"controls\">\n\t\t\t\t\t<li>\n\t\t\t\t\t\t<a href=\"http:\/\/reumatologia.org.pa\/wp-content\/uploads\/2017\/01\/image_06.jpg\" rel=photostream[photostream]\" class=\"fancybox open-lightbox template-plus-2\"><\/a>\n\t\t\t\t\t<\/li>\n\t\t\t\t<\/ul>\n\t\t\t<\/li><li class=\"gallery-box hover-icons-off\"><img loading=\"lazy\" decoding=\"async\" width=\"100\" height=\"100\" src=\"https:\/\/reumatologia.org.pa\/wp-content\/uploads\/2012\/02\/image_10-100x100.jpg\" class=\"attachment-medicenter-small-thumb size-medicenter-small-thumb\" alt=\"\" srcset=\"https:\/\/reumatologia.org.pa\/wp-content\/uploads\/2012\/02\/image_10-100x100.jpg 100w, https:\/\/reumatologia.org.pa\/wp-content\/uploads\/2012\/02\/image_10-150x150.jpg 150w\" sizes=\"auto, (max-width: 100px) 100vw, 100px\" \/><ul class=\"controls\">\n\t\t\t\t\t<li>\n\t\t\t\t\t\t<a href=\"http:\/\/reumatologia.org.pa\/wp-content\/uploads\/2012\/02\/image_10.jpg\" rel=photostream[photostream]\" class=\"fancybox open-lightbox template-plus-2\"><\/a>\n\t\t\t\t\t<\/li>\n\t\t\t\t<\/ul>\n\t\t\t<\/li><li class=\"gallery-box hover-icons-off\"><img loading=\"lazy\" decoding=\"async\" width=\"100\" height=\"100\" src=\"https:\/\/reumatologia.org.pa\/wp-content\/uploads\/2012\/02\/image_11-100x100.jpg\" class=\"attachment-medicenter-small-thumb size-medicenter-small-thumb\" alt=\"\" srcset=\"https:\/\/reumatologia.org.pa\/wp-content\/uploads\/2012\/02\/image_11-100x100.jpg 100w, https:\/\/reumatologia.org.pa\/wp-content\/uploads\/2012\/02\/image_11-150x150.jpg 150w\" sizes=\"auto, (max-width: 100px) 100vw, 100px\" \/><ul class=\"controls\">\n\t\t\t\t\t<li>\n\t\t\t\t\t\t<a href=\"http:\/\/reumatologia.org.pa\/wp-content\/uploads\/2012\/02\/image_11.jpg\" rel=photostream[photostream]\" class=\"fancybox open-lightbox template-plus-2\"><\/a>\n\t\t\t\t\t<\/li>\n\t\t\t\t<\/ul>\n\t\t\t<\/li><\/ul>[vc_widget_sidebar top_margin=\u00bbpage-margin-top\u00bb sidebar_id=\u00bbsidebar-blog-2&#8243; el_position=\u00bblast\u00bb][\/vc_column][\/vc_row]<\/p>\n<\/div>","protected":false},"excerpt":{"rendered":"<p>[vc_row el_position=\u00bbfirst last\u00bb][vc_column width=\u00bb2\/3&#8243;][\/vc_column][vc_column width=\u00bb1\/3&#8243;][vc_widget_sidebar top_margin=\u00bbpage-margin-top\u00bb sidebar_id=\u00bbsidebar-blog\u00bb el_position=\u00bbfirst\u00bb][vc_widget_sidebar top_margin=\u00bbpage-margin-top\u00bb sidebar_id=\u00bbsidebar-blog-2&#8243; el_position=\u00bblast\u00bb][\/vc_column][\/vc_row]<\/p>\n","protected":false},"author":2,"featured_media":0,"parent":0,"menu_order":0,"comment_status":"open","ping_status":"open","template":"template-blog.php","meta":{"footnotes":""},"class_list":["post-1738","page","type-page","status-publish","hentry"],"_links":{"self":[{"href":"https:\/\/reumatologia.org.pa\/index.php?rest_route=\/wp\/v2\/pages\/1738","targetHints":{"allow":["GET"]}}],"collection":[{"href":"https:\/\/reumatologia.org.pa\/index.php?rest_route=\/wp\/v2\/pages"}],"about":[{"href":"https:\/\/reumatologia.org.pa\/index.php?rest_route=\/wp\/v2\/types\/page"}],"author":[{"embeddable":true,"href":"https:\/\/reumatologia.org.pa\/index.php?rest_route=\/wp\/v2\/users\/2"}],"replies":[{"embeddable":true,"href":"https:\/\/reumatologia.org.pa\/index.php?rest_route=%2Fwp%2Fv2%2Fcomments&post=1738"}],"version-history":[{"count":0,"href":"https:\/\/reumatologia.org.pa\/index.php?rest_route=\/wp\/v2\/pages\/1738\/revisions"}],"wp:attachment":[{"href":"https:\/\/reumatologia.org.pa\/index.php?rest_route=%2Fwp%2Fv2%2Fmedia&parent=1738"}],"curies":[{"name":"wp","href":"https:\/\/api.w.org\/{rel}","templated":true}]}}